322 (base 7) to base 3.
11000001101000
What is -11011101110111100 (base 2) in base 14?
-2d580
101011100011110101 (base 2) to base 8
534365
32291 (base 10) to base 6
405255
Convert -313422 (base 13) to base 16.
-118b27
3574c0 (base 16) to base 6
203030544
Convert 44043313 (base 5) to base 10.
377958
-11a9286 (base 15) to base 7
-212560632
What is 110100010100100100 (base 2) in base 16?
34524
Convert 1024403103 (base 5) to base 16.
21564a
What is 11b2b0 (base 12) in base 6?
10105540
Convert 1011000101000110101100 (base 2) to base 4.
23011012230
What is 10245053 (base 6) in base 7?
2364561
What is -1020211010 (base 3) in base 6?
-310050
What is b46a1 (base 12) in base 8?
714731
Convert -164676 (base 10) to base 6.
-3310220
b492 (base 15) to base 5
2210122
Convert 1202022222 (base 3) to base 13.
12923
What is 1870674 (base 10) in base 15?
26e419
What is -3338b1 (base 13) in base 9?
-2240522
Convert -2326443 (base 7) to base 13.
-a3377
-3123350 (base 6) to base 3
-21200022010
What is 2075011 (base 8) in base 16?
87a09
Convert -43224434 (base 5) to base 4.
-1121232012
What is -16a5a1 (base 11) in base 12?
-1081a3
What is -107512 (base 14) in base 2?
-10001000001111001100
What is -ad580 (base 16) in base 9?
-1301856
What is 14e356 (base 16) in base 15?
1c0913
-33614641 (base 7) to base 9
-5453144
-203272 (base 9) to base 14
-31cc0
-501611 (base 7) to base 15
-1a155
Convert -11705760 (base 8) to base 3.
-11212200011221
Convert -1241402101 (base 5) to base 4.
-23232303030
-4863401 (base 12) to base 6
-1221242401
-210210104 (base 6) to base 12
-1283934
What is -110201212100120 (base 3) in base 16?
-6746a6
What is 9e18f1 (base 16) in base 5?
10123023243
121421204 (base 5) to base 4
2030232231
What is 171462 (base 10) in base 15?
35c0c
Convert -10735642 (base 9) to base 15.
-6d1aae
Convert 1110111011101101101 (base 2) to base 15.
99eba
What is -7d5a53 (base 16) in base 3?
-120110101000211
2463c2 (base 16) to base 6
123040522
10111100112 (base 3) to base 10
68783
Convert -2140152 (base 8) to base 4.
-2030001222
Convert 10230323313 (base 4) to base 8.
4547367
Convert 8b7ac (base 14) to base 13.
bb419
120030314 (base 5) to base 9
1025765
Convert -2828132 (base 12) to base 5.
-4023034402
What is -6550625 (base 7) in base 14?
-16c515
Convert -59a9b1 (base 12) to base 13.
-3b99b6
Convert -67347 (base 12) to base 9.
-227831
Convert -14303453 (base 6) to base 8.
-1676331
-51754765 (base 8) to base 11
-6233771
Convert -1135516 (base 9) to base 13.
-186771
What is 11100212022 (base 3) in base 12?
41882
What is 24e619 (base 16) in base 8?
11163031
What is 387912 (base 10) in base 13?
107745
Convert -4400143 (base 7) to base 3.
-1000022212101
What is 2071522 (base 8) in base 15?
ae15a
190a0 (base 15) to base 10
81150
22344222 (base 7) to base 16
1da957
-26593 (base 16) to base 8
-462623
-490112 (base 10) to base 8
-1675200
What is -402700 (base 9) in base 16?
-3a28d
162023341 (base 7) to base 9
22534857
-1b247 (base 13) to base 6
-1045541
What is 146612 (base 9) in base 3?
11120200102
Convert -802076 (base 16) to base 5.
-4122200133
What is 1101011000011111011001 (base 2) in base 12?
1212249
Convert -699111 (base 10) to base 16.
-aaae7
Convert 1795184 (base 10) to base 9.
3335468
-3436e (base 15) to base 10
-166154
-301102121 (base 4) to base 10
-201881
-520c2 (base 15) to base 5
-31310212
What is 11001221100 (base 3) in base 8?
234421
What is 120002120021001 (base 3) in base 2?
11110100110100001011010
Convert 541794 (base 11) to base 8.
3233464
Convert -4d80 (base 16) to base 10.
-19840
-3d3a2 (base 15) to base 6
-4114025
-10100100111110101000100 (base 2) to base 13
-1173839
What is 13002055 (base 6) in base 5?
101422441
What is 740643 (base 9) in base 16?
6b730
What is 1050284 (base 10) in base 2?
100000000011010101100
Convert 2555622 (base 8) to base 4.
2231232102
-3041005 (base 6) to base 8
-433735
What is -2b2d0 (base 15) in base 8?
-417414
3161472 (base 8) to base 9
1526516
-20046416 (base 7) to base 5
-411041312
11543473 (base 9) to base 13
122559c
Convert -426d36 (base 16) to base 8.
-20466466
Convert -85a307 (base 11) to base 5.
-323002133
What is -1461357 (base 9) in base 5?
-201324102
What is -517646 (base 9) in base 6?
-10331153
What is -2b69b59 (base 12) in base 8?
-41606465
-24444130 (base 6) to base 2
-10111111010101010110
-5561b (base 15) to base 2
-1000010010000010000
24211114 (base 5) to base 15
46d74
86807 (base 9) to base 5
3320032
Convert -1432500 (base 9) to base 12.
-320853
Convert -10859144 (base 10) to base 11.
-61476aa
-4dfb (base 16) to base 5
-1114323
-143caf (base 16) to base 9
-2441246
What is -10000101101111101000 (base 2) in base 16?
-85be8
Convert -2313353 (base 9) to base 6.
-42434420
What is -2187404 (base 10) in base 12?
-895a38
891497 (base 14) to base 3
22202100100012
What is -80a9aa (base 11) in base 5?
-313143202
3570141 (base 8) to base 13
28381b
What is -17b617b (base 13) in base 10?
-7753484
What is -12033312102 (base 4) in base 12?
-66b956
What is 1416664 (base 7) in base 13?
68446
-10101020102 (base 3) to base 12
-325a8
What is 200303302132 (base 4) in base 14?
11dc542
What is 1310113133 (base 5) in base 7?
36155465
-2d1eae (base 16) to base 7
-34063626
3063bc (base 13) to base 15
174218
Convert 1101413330 (base 5) to base 10.
2372965
Convert -11010011101101011011 (base 2) to base 9.
-1561464
Convert 127803 (base 13) to base 14.
b8325
What is -247382 (base 10) in base 16?
-3c656
321233110 (base 4) to base 14
6228c
12121202200 (base 3) to base 9
177680
Convert 1110c (base 15) to base 14.
15aa1
What is 222221220101 (base 3) in base 16?
818d1
-1429851 (base 10) to base 13
-3b0a87
Convert -222131210 (base 4) to base 15.
-367ee
What is 2d669 (base 15) in base 13?
5193c
What is 2013054 (base 8) in base 9?
886868
303c40 (base 15) to base 6
121034310
What is 1121132440 (base 5) in base 7?
30266561
15161376 (base 9) to base 4
130300232232
What is -127867 (base 10) in base 14?
-34855
Convert 12a929 (base 11) to base 16.
31fdb
What is -13023001 (base 5) in base 11?
-87155
What is 1757005 (base 10) in base 12?
708951
Convert 11300013113 (base 5) to base 6.
1140151334
Convert -42021442 (base 6) to base 12.
-4a7882
1110101110110100010000 (base 2) to base 13
a52999
Convert -742030 (base 9) to base 4.
-1223223300
What is 6ec8a0 (base 16) in base 3?
111122212021202
Convert -10386 (base 15) to base 10.
-51426
Convert 11101101000111111000010 (base 2) to base 8.
35507702
What is 130a00 (base 12) in base 11?
1a3853
-71f743 (base 16) to base 11
-424151a
-2a55d9 (base 16) to base 15
-39c10e
-15756201 (base 8) to base 15
-4c4abe
What is -2101120111 (base 3) in base 2?
-1011011111100010
Convert -101215 (base 9) to base 12.
-2a842
What is 4140021 (base 6) in base 8?
605655
What is 1414102214 (base 5) in base 6?
210234552
Convert -3032101123 (base 5) to base 8.
-27301240
-504a39 (base 12) to base 4
-10301303031
Convert 11101121111212 (base 3) to base 7.
25562336
Convert 1904188 (base 11) to base 5.
1311222221
What is -10100100000110111011010 (base 2) in base 3?
-101010012112121
-116905 (base 10) to base 9
-187324
Convert 43227 (base 13) to base 2.
11101100101110110
2154005 (base 6) to base 16
1a795
Convert 16408 (base 16) to base 7.
526504
-77132 (base 16) to base 14
-c9a5c
What is -1311202000 (base 4) in base 11?
-2a9764
What is 1580420 (base 10) in base 6?
53512432
-22202123 (base 4) to base 12
-20b8b
-14065173 (base 8) to base 5
-1303013422
Convert -1001010100101110100 (base 2) to base 11.
-1995aa
Convert 300210333 (base 4) to base 9.
332843
-41414511 (base 7) to base 11
-1a69982
What is 20220121022212 (base 3) in base 4?
32000231231
Convert -120121103 (base 4) to base 2.
-11000011001010011
-127038 (base 9) to base 2
-10010110111111101
What is -3012806 (base 10) in base 9?
-5601712
What is 203031212 (base 5) in base 8?
3125346
27d55 (base 14) to base 11
68144
10221132322 (base 4) to base 13
338800
What is -20102110210001 (base 3) in base 10?
-3414475
Convert 103233111 (base 4) to base 13.
2aa56
1451448 (base 11) to base 2
1001100000000111010101
What is -121243202 (base 5) in base 13?
-170292
-1321233123 (base 4) to base 7
-4144536
Convert -100120424 (base 5) to base 15.
-7c10e
Convert -9adda (base 16) to base 6.
-21332414
What is 11010010101